{"id":1369,"date":"2021-01-05T20:40:31","date_gmt":"2021-01-05T19:40:31","guid":{"rendered":"https:\/\/simula.barcelona\/?page_id=1369"},"modified":"2021-01-08T18:48:36","modified_gmt":"2021-01-08T17:48:36","slug":"lifecast","status":"publish","type":"page","link":"https:\/\/simula.barcelona\/index.php\/lifecast\/","title":{"rendered":"Lifecast"},"content":{"rendered":"<div id=\"pl-1369\"  class=\"panel-layout\" ><div id=\"pg-1369-0\"  class=\"panel-grid panel-has-style\" ><div class=\"siteorigin-panels-stretch panel-row-style panel-row-style-for-1369-0\" style=\"padding: 0px 0; \" data-stretch-type=\"full-stretched\" data-overlay=\"true\" data-overlay-color=\"#000000\" ><div id=\"pgc-1369-0-0\"  class=\"panel-grid-cell\" ><div id=\"panel-1369-0-0-0\" class=\"so-panel widget widget_sydney_image_widget sydney_image_widget_widget panel-first-child\" data-index=\"0\" ><div style=\"text-align: left;\" data-title-color=\"#443f3f\" data-headings-color=\"#443f3f\" class=\"panel-widget-style panel-widget-style-for-1369-0-0-0\" ><div style=\"display:inline-block;max-width:500px;\" class=\"sydney-image\"><img src=\"https:\/\/simula.barcelona\/wp-content\/uploads\/Logo-Lifecast.jpg\"\/><\/div><\/div><\/div><div id=\"panel-1369-0-0-1\" class=\"so-panel widget widget_sydney_image_widget sydney_image_widget_widget panel-last-child\" data-index=\"1\" ><div style=\"text-align: center;\" data-title-color=\"#443f3f\" data-headings-color=\"#443f3f\" class=\"panel-widget-style panel-widget-style-for-1369-0-0-1\" ><div style=\"display:inline-block;max-width:100%;\" class=\"sydney-image\"><img src=\"https:\/\/simula.barcelona\/wp-content\/uploads\/Neonato2.jpg\"\/><\/div><\/div><\/div><\/div><\/div><\/div><div id=\"pg-1369-1\"  class=\"panel-grid panel-has-style\" ><div class=\"siteorigin-panels-stretch panel-row-style panel-row-style-for-1369-1\" style=\"padding: 50px 0; \" data-stretch-type=\"full\" data-overlay=\"true\" ><div id=\"pgc-1369-1-0\"  class=\"panel-grid-cell\" ><div id=\"panel-1369-1-0-0\" class=\"so-panel widget widget_sow-headline panel-first-child\" data-index=\"2\" ><div style=\"text-align: left;\" data-title-color=\"#443f3f\" data-headings-color=\"#443f3f\" class=\"panel-widget-style panel-widget-style-for-1369-1-0-0\" ><div\n\t\t\t\n\t\t\tclass=\"so-widget-sow-headline so-widget-sow-headline-default-25638374aa08-1369\"\n\t\t\t\n\t\t><div class=\"sow-headline-container \">\n\t\t\t\t\t\t\t<h1 class=\"sow-headline\">\n\t\t\t\t\t\tLIFECAST\t\t\t\t\t\t<\/h1>\n\t\t\t\t\t\t<\/div>\n<\/div><\/div><\/div><div id=\"panel-1369-1-0-1\" class=\"so-panel widget widget_sow-editor\" data-index=\"3\" ><div style=\"text-align: left;\" data-title-color=\"#443f3f\" data-headings-color=\"#443f3f\" class=\"panel-widget-style panel-widget-style-for-1369-1-0-1\" ><div\n\t\t\t\n\t\t\tclass=\"so-widget-sow-editor so-widget-sow-editor-base\"\n\t\t\t\n\t\t>\n<div class=\"siteorigin-widget-tinymce textwidget\">\n\t<p><span style=\"font-family: 'Open Sans'; font-size: 24pt;\">El objetivo del equipo de Lifecast Body Simulation es crear maniqu\u00eds para simulaci\u00f3n realistas pero accesibles. Los maniqu\u00eds se construyen con el m\u00e1ximo realismo, pero con la m\u00ednima tecnolog\u00eda en su interior. Nuestra soluci\u00f3n para la monitorizaci\u00f3n cl\u00ednica (y la desfibrilaci\u00f3n, cardioversi\u00f3n, marcapasos,\u2026) es utilizar los sistemas creados por <a href=\"https:\/\/simula.barcelona\/index.php\/isimulate\/\">iSimulate<\/a>, externos al maniqu\u00ed. Los maniqu\u00eds permiten todas las t\u00e9cnicas necesarias para la simulaci\u00f3n: intubaci\u00f3n orotraqueal, ventilaci\u00f3n con bolsa o respirador, punci\u00f3n de neumot\u00f3rax, canalizaci\u00f3n de v\u00edas venosas e intra\u00f3seas,\u2026<\/span><\/p>\n<p><span style=\"font-family: 'Open Sans'; font-size: 24pt;\">Trabajamos con un equipo de simulaci\u00f3n cl\u00ednica a trav\u00e9s de todo el mundo que act\u00faan como consejeros, distribuidores y socios, nuestra \u201cFamilia Lifecast\u201d!<\/span><\/p>\n<div class=\"textwidget\">\n<div id=\"wrapper\">\n<div id=\"main\">\n<div id=\"primary\" class=\"content-area one-column\">\n<div class=\"product-feature-list-box realitiproduct-listing\">\n<div class=\"wrap\">\n<div class=\"cols cols3\">\n<div class=\"col\">\n<div class=\"product-feature-details-box\">\n<div class=\"product-feature-details\">\n<div id=\"main-container\">\n<p>&nbsp;<\/p>\n<\/div>\n<\/div>\n<\/div>\n<\/div>\n<\/div>\n<\/div>\n<\/div>\n<\/div>\n<\/div>\n<\/div>\n<\/div>\n<\/div>\n<\/div><\/div><\/div><div id=\"panel-1369-1-0-2\" class=\"so-panel widget widget_sow-button panel-last-child\" data-index=\"4\" ><div style=\"text-align: left;\" data-title-color=\"#443f3f\" data-headings-color=\"#443f3f\" class=\"panel-widget-style panel-widget-style-for-1369-1-0-2\" ><div\n\t\t\t\n\t\t\tclass=\"so-widget-sow-button so-widget-sow-button-atom-48beb218c338-1369\"\n\t\t\t\n\t\t><div class=\"ow-button-base ow-button-align-center\">\n\t\t\t<a\n\t\t\t\t\thref=\"https:\/\/simula.barcelona\/index.php\/contacto\/\"\n\t\t\t\t\tclass=\"sowb-button ow-icon-placement-left ow-button-hover\" target=\"_blank\" rel=\"noopener noreferrer\" \t>\n\t\t<span>\n\t\t\t<div class=\"sow-icon-image\" style=\"background-image: url(https:\/\/simula.barcelona\/wp-content\/uploads\/icono-web.jpg)\"><\/div>\n\t\t\t\u00bfTe interesa?\t\t<\/span>\n\t\t\t<\/a>\n\t<\/div>\n<\/div><\/div><\/div><\/div><\/div><\/div><div id=\"pg-1369-2\"  class=\"panel-grid panel-has-style\" ><div class=\"siteorigin-panels-stretch panel-row-style panel-row-style-for-1369-2\" style=\"padding: 75px 0; \" data-stretch-type=\"full\" data-overlay=\"true\" ><div id=\"pgc-1369-2-0\"  class=\"panel-grid-cell\" ><div id=\"panel-1369-2-0-0\" class=\"so-panel widget widget_sow-headline panel-first-child\" data-index=\"5\" ><div style=\"text-align: left;\" data-title-color=\"#443f3f\" data-headings-color=\"#443f3f\" class=\"panel-widget-style panel-widget-style-for-1369-2-0-0\" ><div\n\t\t\t\n\t\t\tclass=\"so-widget-sow-headline so-widget-sow-headline-default-25638374aa08-1369\"\n\t\t\t\n\t\t><div class=\"sow-headline-container \">\n\t\t\t\t\t\t\t<h3 class=\"sow-sub-headline\">\n\t\t\t\t\t\tLos maniqu\u00eds LIFECAST son de un realismo asombroso. Puedes comprobarlo en las siguientes im\u00e1genes\t\t\t\t\t\t<\/h3>\n\t\t\t\t\t\t<\/div>\n<\/div><\/div><\/div><div id=\"panel-1369-2-0-1\" class=\"so-panel widget widget_foogallery_widget foogallery_widget panel-last-child\" data-index=\"6\" ><div style=\"text-align: left;\" data-title-color=\"#443f3f\" data-headings-color=\"#443f3f\" class=\"panel-widget-style panel-widget-style-for-1369-2-0-1\" >\t\t\t<style>\r\n                #foogallery-gallery-1423.fg-justified .fg-item {\r\n                    margin-right: 2px;\r\n                    margin-bottom: 2px;\r\n                }\r\n\r\n                #foogallery-gallery-1423.fg-justified .fg-image {\r\n                    height: 200px;\r\n                }\r\n\t\t\t<\/style>\r\n\t\t\t<div class=\"foogallery foogallery-container foogallery-justified foogallery-lightbox-foobox fg-justified fg-dark fg-border-thin fg-round-small fg-shadow-outline fg-loading-default fg-loaded-fade-in fg-hover-scale fg-caption-always fg-hover-fade fg-hover-zoom2 fg-ready\" id=\"foogallery-gallery-1423\" data-foogallery=\"{&quot;item&quot;:{&quot;showCaptionTitle&quot;:true,&quot;showCaptionDescription&quot;:false},&quot;lazy&quot;:true,&quot;template&quot;:{&quot;rowHeight&quot;:200,&quot;maxRowHeight&quot;:300,&quot;margins&quot;:2,&quot;align&quot;:&quot;center&quot;,&quot;lastRow&quot;:&quot;smart&quot;}}\" >\r\n\t<div class=\"fg-item fg-type-image fg-idle\"><figure class=\"fg-item-inner\"><a href=\"https:\/\/simula.barcelona\/wp-content\/uploads\/Prematuro-22-semanas.jpg\" data-caption-title=\"Prematuro 22 semanas\" data-attachment-id=\"1424\" data-type=\"image\" class=\"fg-thumb\"><span class=\"fg-image-wrap\"><img height=\"300\" width=\"449.43820224719\" class=\"skip-lazy fg-image\" data-src-fg=\"https:\/\/simula.barcelona\/wp-content\/uploads\/Prematuro-22-semanas.jpg\" src=\"data:image\/svg+xml,%3Csvg%20xmlns%3D%22http%3A%2F%2Fwww.w3.org%2F2000%2Fsvg%22%20width%3D%22449.43820224719%22%20height%3D%22300%22%20viewBox%3D%220%200%20449.43820224719%20300%22%3E%3C%2Fsvg%3E\" loading=\"eager\"><\/span><span class=\"fg-image-overlay\"><\/span><\/a><figcaption class=\"fg-caption\"><div class=\"fg-caption-inner\"><div class=\"fg-caption-title\">Prematuro 22 semanas<\/div><\/div><\/figcaption><\/figure><div class=\"fg-loader\"><\/div><\/div><div class=\"fg-item fg-type-image fg-idle\"><figure class=\"fg-item-inner\"><a href=\"https:\/\/simula.barcelona\/wp-content\/uploads\/Prematuro-26-semanas.jpg\" data-caption-title=\"Prematuro 26 semanas\" data-attachment-id=\"1120\" data-type=\"image\" class=\"fg-thumb\"><span class=\"fg-image-wrap\"><img height=\"300\" width=\"450\" class=\"skip-lazy fg-image\" data-src-fg=\"https:\/\/simula.barcelona\/wp-content\/uploads\/cache\/Prematuro-26-semanas\/929782604.jpg\" src=\"data:image\/svg+xml,%3Csvg%20xmlns%3D%22http%3A%2F%2Fwww.w3.org%2F2000%2Fsvg%22%20width%3D%22450%22%20height%3D%22300%22%20viewBox%3D%220%200%20450%20300%22%3E%3C%2Fsvg%3E\" loading=\"eager\"><\/span><span class=\"fg-image-overlay\"><\/span><\/a><figcaption class=\"fg-caption\"><div class=\"fg-caption-inner\"><div class=\"fg-caption-title\">Prematuro 26 semanas<\/div><\/div><\/figcaption><\/figure><div class=\"fg-loader\"><\/div><\/div><div class=\"fg-item fg-type-image fg-idle\"><figure class=\"fg-item-inner\"><a href=\"https:\/\/simula.barcelona\/wp-content\/uploads\/Neonato-1.jpg\" data-caption-title=\"Neonato\" data-attachment-id=\"1434\" data-type=\"image\" class=\"fg-thumb\"><span class=\"fg-image-wrap\"><img height=\"300\" width=\"450\" class=\"skip-lazy fg-image\" data-src-fg=\"https:\/\/simula.barcelona\/wp-content\/uploads\/cache\/Neonato-1\/1840053142.jpg\" src=\"data:image\/svg+xml,%3Csvg%20xmlns%3D%22http%3A%2F%2Fwww.w3.org%2F2000%2Fsvg%22%20width%3D%22450%22%20height%3D%22300%22%20viewBox%3D%220%200%20450%20300%22%3E%3C%2Fsvg%3E\" loading=\"eager\"><\/span><span class=\"fg-image-overlay\"><\/span><\/a><figcaption class=\"fg-caption\"><div class=\"fg-caption-inner\"><div class=\"fg-caption-title\">Neonato<\/div><\/div><\/figcaption><\/figure><div class=\"fg-loader\"><\/div><\/div><div class=\"fg-item fg-type-image fg-idle\"><figure class=\"fg-item-inner\"><a href=\"https:\/\/simula.barcelona\/wp-content\/uploads\/Maniqui-quirurgico.jpg\" data-caption-title=\"Maniqu\u00ed quir\u00fargico\" data-attachment-id=\"1425\" data-type=\"image\" class=\"fg-thumb\"><span class=\"fg-image-wrap\"><img height=\"300\" width=\"449.43820224719\" class=\"skip-lazy fg-image\" data-src-fg=\"https:\/\/simula.barcelona\/wp-content\/uploads\/Maniqui-quirurgico.jpg\" src=\"data:image\/svg+xml,%3Csvg%20xmlns%3D%22http%3A%2F%2Fwww.w3.org%2F2000%2Fsvg%22%20width%3D%22449.43820224719%22%20height%3D%22300%22%20viewBox%3D%220%200%20449.43820224719%20300%22%3E%3C%2Fsvg%3E\" loading=\"eager\"><\/span><span class=\"fg-image-overlay\"><\/span><\/a><figcaption class=\"fg-caption\"><div class=\"fg-caption-inner\"><div class=\"fg-caption-title\">Maniqu\u00ed quir\u00fargico<\/div><\/div><\/figcaption><\/figure><div class=\"fg-loader\"><\/div><\/div><div class=\"fg-item fg-type-image fg-idle\"><figure class=\"fg-item-inner\"><a href=\"https:\/\/simula.barcelona\/wp-content\/uploads\/Nino-de-3a.jpg\" data-caption-title=\"Ni\u00f1o de 3a\" data-attachment-id=\"1426\" data-type=\"image\" class=\"fg-thumb\"><span class=\"fg-image-wrap\"><img height=\"300\" width=\"437\" class=\"skip-lazy fg-image\" data-src-fg=\"https:\/\/simula.barcelona\/wp-content\/uploads\/cache\/Nino-de-3a\/3726676499.jpg\" src=\"data:image\/svg+xml,%3Csvg%20xmlns%3D%22http%3A%2F%2Fwww.w3.org%2F2000%2Fsvg%22%20width%3D%22437%22%20height%3D%22300%22%20viewBox%3D%220%200%20437%20300%22%3E%3C%2Fsvg%3E\" loading=\"eager\"><\/span><span class=\"fg-image-overlay\"><\/span><\/a><figcaption class=\"fg-caption\"><div class=\"fg-caption-inner\"><div class=\"fg-caption-title\">Ni\u00f1o de 3a<\/div><\/div><\/figcaption><\/figure><div class=\"fg-loader\"><\/div><\/div><div class=\"fg-item fg-type-image fg-idle\"><figure class=\"fg-item-inner\"><a href=\"https:\/\/simula.barcelona\/wp-content\/uploads\/maniqui-mujer-adulta.jpg\" data-caption-title=\"maniqu\u00ed mujer adulta\" data-attachment-id=\"1427\" data-type=\"image\" class=\"fg-thumb\"><span class=\"fg-image-wrap\"><img height=\"300\" width=\"514\" class=\"skip-lazy fg-image\" data-src-fg=\"https:\/\/simula.barcelona\/wp-content\/uploads\/cache\/maniqui-mujer-adulta\/1495110018.jpg\" src=\"data:image\/svg+xml,%3Csvg%20xmlns%3D%22http%3A%2F%2Fwww.w3.org%2F2000%2Fsvg%22%20width%3D%22514%22%20height%3D%22300%22%20viewBox%3D%220%200%20514%20300%22%3E%3C%2Fsvg%3E\" loading=\"eager\"><\/span><span class=\"fg-image-overlay\"><\/span><\/a><figcaption class=\"fg-caption\"><div class=\"fg-caption-inner\"><div class=\"fg-caption-title\">maniqu\u00ed mujer adulta<\/div><\/div><\/figcaption><\/figure><div class=\"fg-loader\"><\/div><\/div><div class=\"fg-item fg-type-image fg-idle\"><figure class=\"fg-item-inner\"><a href=\"https:\/\/simula.barcelona\/wp-content\/uploads\/IMG-20190911-WA0015.jpg\" data-caption-title=\"Maniqu\u00ed adulto var\u00f3n\" data-attachment-id=\"1026\" data-type=\"image\" class=\"fg-thumb\"><span class=\"fg-image-wrap\"><img alt=\"Var\u00f3n adulto\" height=\"300\" width=\"169\" class=\"skip-lazy fg-image\" data-src-fg=\"https:\/\/simula.barcelona\/wp-content\/uploads\/cache\/IMG-20190911-WA0015\/3243746088.jpg\" src=\"data:image\/svg+xml,%3Csvg%20xmlns%3D%22http%3A%2F%2Fwww.w3.org%2F2000%2Fsvg%22%20width%3D%22169%22%20height%3D%22300%22%20viewBox%3D%220%200%20169%20300%22%3E%3C%2Fsvg%3E\" loading=\"eager\"><\/span><span class=\"fg-image-overlay\"><\/span><\/a><figcaption class=\"fg-caption\"><div class=\"fg-caption-inner\"><div class=\"fg-caption-title\">Maniqu\u00ed adulto var\u00f3n<\/div><\/div><\/figcaption><\/figure><div class=\"fg-loader\"><\/div><\/div><div class=\"fg-item fg-type-image fg-idle\"><figure class=\"fg-item-inner\"><a href=\"https:\/\/simula.barcelona\/wp-content\/uploads\/WhatsApp-Image-2019-05-02-at-08.45.27.jpeg\" data-caption-title=\"Vivien. Maniqu\u00ed mujer anciana\" data-attachment-id=\"641\" data-type=\"image\" class=\"fg-thumb\"><span class=\"fg-image-wrap\"><img height=\"300\" width=\"204\" class=\"skip-lazy fg-image\" data-src-fg=\"https:\/\/simula.barcelona\/wp-content\/uploads\/cache\/WhatsApp-Image-2019-05-02-at-08_45_27\/3204594710.jpeg\" src=\"data:image\/svg+xml,%3Csvg%20xmlns%3D%22http%3A%2F%2Fwww.w3.org%2F2000%2Fsvg%22%20width%3D%22204%22%20height%3D%22300%22%20viewBox%3D%220%200%20204%20300%22%3E%3C%2Fsvg%3E\" loading=\"eager\"><\/span><span class=\"fg-image-overlay\"><\/span><\/a><figcaption class=\"fg-caption\"><div class=\"fg-caption-inner\"><div class=\"fg-caption-title\">Vivien. Maniqu\u00ed mujer anciana<\/div><\/div><\/figcaption><\/figure><div class=\"fg-loader\"><\/div><\/div><div class=\"fg-item fg-type-image fg-idle\"><figure class=\"fg-item-inner\"><a href=\"https:\/\/simula.barcelona\/wp-content\/uploads\/Pete.-Maniqui-hombre-anciano.jpg\" data-caption-title=\"Pete. Maniqu\u00ed hombre anciano\" data-attachment-id=\"1429\" data-type=\"image\" class=\"fg-thumb\"><span class=\"fg-image-wrap\"><img height=\"300\" width=\"438\" class=\"skip-lazy fg-image\" data-src-fg=\"https:\/\/simula.barcelona\/wp-content\/uploads\/cache\/Pete_-Maniqui-hombre-anciano\/2979778448.jpg\" src=\"data:image\/svg+xml,%3Csvg%20xmlns%3D%22http%3A%2F%2Fwww.w3.org%2F2000%2Fsvg%22%20width%3D%22438%22%20height%3D%22300%22%20viewBox%3D%220%200%20438%20300%22%3E%3C%2Fsvg%3E\" loading=\"eager\"><\/span><span class=\"fg-image-overlay\"><\/span><\/a><figcaption class=\"fg-caption\"><div class=\"fg-caption-inner\"><div class=\"fg-caption-title\">Pete. Maniqu\u00ed hombre anciano<\/div><\/div><\/figcaption><\/figure><div class=\"fg-loader\"><\/div><\/div><\/div>\r\n<\/div><\/div><\/div><\/div><\/div><div id=\"pg-1369-3\"  class=\"panel-grid panel-has-style\" ><div class=\"siteorigin-panels-stretch panel-row-style panel-row-style-for-1369-3\" style=\"padding: 75px 0; \" data-stretch-type=\"full\" data-overlay=\"true\" ><div id=\"pgc-1369-3-0\"  class=\"panel-grid-cell\" ><div id=\"panel-1369-3-0-0\" class=\"so-panel widget widget_sydney_video_widget sydney_video_widget_widget panel-first-child panel-last-child\" data-index=\"7\" ><div style=\"text-align: left;\" data-title-color=\"#443f3f\" data-headings-color=\"#443f3f\" class=\"panel-widget-style panel-widget-style-for-1369-3-0-0\" ><h3 class=\"widget-title\">Neonato<\/h3><iframe title=\"Simulator newborn - #2\" width=\"1170\" height=\"658\" src=\"https:\/\/www.youtube.com\/embed\/cGxvKmUlGZ4?feature=oembed\" frameborder=\"0\" allow=\"accelerometer; autoplay; clipboard-write; encrypted-media; gyroscope; picture-in-picture; web-share\" referrerpolicy=\"strict-origin-when-cross-origin\" allowfullscreen><\/iframe><\/div><\/div><\/div><\/div><\/div><div id=\"pg-1369-4\"  class=\"panel-grid panel-has-style\" ><div class=\"siteorigin-panels-stretch panel-row-style panel-row-style-for-1369-4\" style=\"padding: 75px 0; \" data-stretch-type=\"full\" data-overlay=\"true\" ><div id=\"pgc-1369-4-0\"  class=\"panel-grid-cell\" ><div id=\"panel-1369-4-0-0\" class=\"so-panel widget widget_sow-headline panel-first-child panel-last-child\" data-index=\"8\" ><div style=\"text-align: left;\" data-title-color=\"#443f3f\" data-headings-color=\"#443f3f\" class=\"panel-widget-style panel-widget-style-for-1369-4-0-0\" ><div\n\t\t\t\n\t\t\tclass=\"so-widget-sow-headline so-widget-sow-headline-default-aa9268e1a21e-1369\"\n\t\t\t\n\t\t><div class=\"sow-headline-container \">\n\t\t\t\t\t\t\t<h1 class=\"sow-headline\">\n\t\t\t\t\t\t\t\t\t\t\t\t\t<a href=\"https:\/\/simula.barcelona\/index.php\/contacto\/\" target=\"_blank\" rel=\"noopener noreferrer\">\n\t\t\t\t\t\t\t\tSI QUIERES VER M\u00c1S...CONTACTA CON NOSOTROS<\/a>\t\t\t\t\t\t<\/h1>\n\t\t\t\t\t\t<\/div>\n<\/div><\/div><\/div><\/div><\/div><\/div><\/div>","protected":false},"excerpt":{"rendered":"<p>El objetivo del equipo de Lifecast Body Simulation es crear maniqu\u00eds para simulaci\u00f3n realistas pero accesibles. Los maniqu\u00eds se construyen con el m\u00e1ximo realismo, pero con la m\u00ednima tecnolog\u00eda en su interior. Nuestra soluci\u00f3n para la monitorizaci\u00f3n cl\u00ednica (y la desfibrilaci\u00f3n, cardioversi\u00f3n, marcapasos,\u2026) es utilizar los sistemas creados por iSimulate, externos al maniqu\u00ed. Los maniqu\u00eds [&hellip;]<\/p>\n","protected":false},"author":1,"featured_media":0,"parent":0,"menu_order":0,"comment_status":"closed","ping_status":"closed","template":"page-templates\/page_no-header-wide.php","meta":{"_bbp_topic_count":0,"_bbp_reply_count":0,"_bbp_total_topic_count":0,"_bbp_total_reply_count":0,"_bbp_voice_count":0,"_bbp_anonymous_reply_count":0,"_bbp_topic_count_hidden":0,"_bbp_reply_count_hidden":0,"_bbp_forum_subforum_count":0},"_links":{"self":[{"href":"https:\/\/simula.barcelona\/index.php\/wp-json\/wp\/v2\/pages\/1369"}],"collection":[{"href":"https:\/\/simula.barcelona\/index.php\/wp-json\/wp\/v2\/pages"}],"about":[{"href":"https:\/\/simula.barcelona\/index.php\/wp-json\/wp\/v2\/types\/page"}],"author":[{"embeddable":true,"href":"https:\/\/simula.barcelona\/index.php\/wp-json\/wp\/v2\/users\/1"}],"replies":[{"embeddable":true,"href":"https:\/\/simula.barcelona\/index.php\/wp-json\/wp\/v2\/comments?post=1369"}],"version-history":[{"count":59,"href":"https:\/\/simula.barcelona\/index.php\/wp-json\/wp\/v2\/pages\/1369\/revisions"}],"predecessor-version":[{"id":1624,"href":"https:\/\/simula.barcelona\/index.php\/wp-json\/wp\/v2\/pages\/1369\/revisions\/1624"}],"wp:attachment":[{"href":"https:\/\/simula.barcelona\/index.php\/wp-json\/wp\/v2\/media?parent=1369"}],"curies":[{"name":"wp","href":"https:\/\/api.w.org\/{rel}","templated":true}]}}